23341 (base 5) to base 9
4756533
What is -21822 (base 13) in base 11?
-41671
c1b9d5 (base 15) to base 12
30b960b
Convert -238a8 (base 13) to base 14.
-19a95
What is -1110100001000111110 (base 2) in base 4?
-1310020332
Convert 812a2 (base 13) to base 3.
102202002022
Convert -499a04a (base 11) to base 10.
-8680836
What is -8d1725 (base 14) in base 16?
-495605
-50428 (base 14) to base 5
-22133100
Convert 1f0ca (base 16) to base 8.
370312
Convert 2120203331 (base 5) to base 9.
8346668
510402020 (base 6) to base 12
2b00310
What is 18a8b1 (base 12) in base 3?
211000100121
What is -20026623 (base 7) in base 13?
-45bc67
What is 48550 (base 10) in base 11?
33527
Convert 10110111110101011 (base 2) to base 6.
2003431
What is -204232 (base 7) in base 4?
-20210203
Convert -137b9f (base 16) to base 13.
-35922a
Convert -1204476 (base 9) to base 7.
-5356230
11002100032 (base 4) to base 14
265062
31442314 (base 5) to base 9
443865
Convert -1211210021 (base 4) to base 14.
-ab86d
Convert -3310111213 (base 4) to base 11.
-623a15
-1314535 (base 7) to base 14
-46a1c
16f18c (base 16) to base 7
15531520
What is a8d369 (base 14) in base 7?
66430662
Convert 2212110222210 (base 3) to base 4.
11310111012
Convert 2630330 (base 7) to base 3.
122110012122
-3545214 (base 8) to base 3
-1211020201002
Convert 54576 (base 8) to base 14.
84c6
Convert 17879a (base 14) to base 15.
115eb6
Convert -1531526 (base 7) to base 13.
-74480
Convert -5ba8dc (base 15) to base 10.
-4389507
What is -19beb (base 15) in base 9?
-136725
111210112211110 (base 3) to base 6
421100320
-2111231103 (base 4) to base 12
-256a43
-1bc72 (base 16) to base 12
-55a16
2f7cf4 (base 16) to base 11
1836255
Convert 2d398 (base 15) to base 6.
3043355
What is -1010100001110101100011 (base 2) in base 16?
-2a1d63
Convert 28030673 (base 9) to base 12.
4773b19
What is 213312310 (base 5) in base 12?
382518
Convert -b30cb9 (base 15) to base 10.
-8507874
What is 614571 (base 8) in base 9?
338568
What is 207b6 (base 12) in base 10?
42618
What is 18448 (base 11) in base 5?
1311300
What is -2343107 (base 9) in base 11?
-797096
-11303331423 (base 5) to base 8
-61312774
What is 6249 (base 12) in base 3?
112200210
-112f4 (base 16) to base 6
-1301512
What is -1213a (base 16) in base 13?
-27917
What is 71347 (base 8) in base 7?
151521
1b47 (base 16) to base 14
278b
What is 196077 (base 12) in base 16?
6cddb
Convert -b9d6d (base 15) to base 9.
-1088634
Convert 11003110331 (base 4) to base 11.
825004
What is 4225115 (base 6) in base 8?
622107
Convert -9cbd7 (base 14) to base 3.
-201100122202
-1532157 (base 8) to base 3
-211022202100
-8b1a7 (base 13) to base 10
-252961
240475 (base 10) to base 13
855c1
211203001 (base 4) to base 5
14410133
Convert 74a57 (base 13) to base 9.
350643
-40544125 (base 6) to base 4
-10130112311
What is -2320033 (base 4) in base 15?
-3761
What is 4302333 (base 6) in base 7?
1534512
Convert 4896533 (base 11) to base 10.
8515048
-23505326 (base 8) to base 4
-103220223112
What is 856145 (base 10) in base 13?
23c8c4
What is -2168868 (base 12) in base 14?
-bb7c52
Convert 11120221 (base 6) to base 8.
1222225
111101101111101001101 (base 2) to base 14
3a9497
-524471 (base 9) to base 5
-34433141
Convert -25a904 (base 12) to base 3.
-1011111101011
What is 21011330320 (base 4) in base 15?
321417
-11111212122 (base 3) to base 4
-111230033
What is -46000751 (base 8) in base 10?
-9961961
What is -21469a (base 12) in base 11?
-32a45a
95ae (base 16) to base 13
14597
-73215c (base 13) to base 4
-22100211132
-4045413 (base 6) to base 5
-22134131
What is 10011110101111110 (base 2) in base 12?
3b052
2fe793 (base 16) to base 6
151142335
2555033 (base 7) to base 8
1212425
What is -6a019a0 (base 11) in base 16?
-bacde6
Convert 122122 (base 7) to base 6.
251304
100011100110010101 (base 2) to base 3
21102000111
What is 31179 (base 10) in base 8?
74713
What is -33012122203 (base 4) in base 3?
-21110002221201
1313100232 (base 4) to base 8
1672056
Convert -1121584 (base 9) to base 8.
-2235226
Convert 112211121102220 (base 3) to base 15.
a5b540
-7816b (base 12) to base 13
-57605
10100001010000111 (base 2) to base 11
57041
What is -4852899 (base 11) in base 12?
-29b6b77
Convert 5151246 (base 7) to base 14.
121096
Convert -4a254 (base 11) to base 6.
-1314051
Convert 11572022 (base 10) to base 12.
3a60932
What is 1977ad (base 16) in base 10?
1669037
-11301023004 (base 5) to base 12
-43a5a07
1433361 (base 7) to base 8
571423
What is -599f (base 16) in base 12?
-1133b
Convert -130032002 (base 4) to base 13.
-407c3
What is -d0cd3 (base 16) in base 14?
-183975
Convert 305553 (base 9) to base 13.
6465c
-2344453 (base 6) to base 9
-206476
-34102303 (base 5) to base 6
-10234224
Convert 4381513 (base 9) to base 10.
2356545
Convert 45a622 (base 12) to base 9.
2082428
Convert -1433442 (base 9) to base 11.
-49a493
-11001110201212 (base 3) to base 15
-2c868b
Convert -15b105 (base 12) to base 10.
-371669
-11110111010010101 (base 2) to base 7
-1035064
Convert -121242240 (base 6) to base 11.
-1336654
What is 11000011110111001 (base 2) in base 8?
303671
6530652 (base 7) to base 13
21bc94
-2000113 (base 7) to base 4
-321131131
What is 270716 (base 12) in base 7?
5321043
What is -5025525 (base 8) in base 3?
-2111011012001
Convert 14100155 (base 6) to base 12.
1aa65b
-1101011110100011000001 (base 2) to base 8
-15364301
What is -321233122 (base 4) in base 6?
-5022534
Convert 7124040 (base 8) to base 7.
21651234
Convert 8484a (base 16) to base 9.
1016514
Convert 4723b8 (base 15) to base 8.
14757461
2102212001002 (base 3) to base 9
2385032
Convert 10110100000100101110 (base 2) to base 7.
6161246
What is 3235003 (base 6) in base 7?
1235622
Convert 40420402 (base 6) to base 8.
4315062
Convert 31522320 (base 6) to base 14.
1a2528
1341133142 (base 5) to base 2
1101001100010111110011
What is 211021121102 (base 3) in base 12?
191978
-19883 (base 10) to base 11
-13a36
11102120121 (base 3) to base 2
10101010010000100
Convert 1111001001111101010111 (base 2) to base 3.
21110211212100
Convert 1312232323 (base 4) to base 15.
99171
Convert 989ab (base 13) to base 15.
56ce2
What is -4545433 (base 7) in base 5?
-121104140
What is -4013301 (base 5) in base 8?
-174130
What is 14503602 (base 7) in base 3?
2121002022120
Convert 1675da8 (base 14) to base 7.
162565601
Convert -14515122 (base 6) to base 10.
-507866
12bb84 (base 12) to base 2
1001011111011010100
What is -13660004 (base 7) in base 12?
-523652
What is 2851659 (base 11) in base 8?
22557550
What is 138cf (base 16) in base 7?
452316
Convert -263000 (base 7) to base 4.
-23332121
-11020201200022 (base 3) to base 10
-2258207
Convert 1053273 (base 8) to base 7.
2263000
-2619a28 (base 12) to base 3
-112010011210112
What is 4595b (base 14) in base 5?
20403404
What is -21750117 (base 8) in base 12?
-16ab727
What is -20100211011211 (base 3) in base 8?
-14715311
Convert -1574a6 (base 16) to base 10.
-1406118
What is 695d9 (base 14) in base 4?
332211223
What is -c3fda (base 16) in base 15?
-10ccd8
Convert -6edea6 (base 15) to base 4.
-110100322311
What is -222b92 (base 15) in base 7?
-16564220
-1030411300 (base 5) to base 14
-41409b
Convert -111222001122 (base 3) to base 13.
-98165
Convert -131160 (base 9) to base 16.
-136ec
What is 154237 (base 8) in base 13?
1c31a
What is -1212201021002 (base 3) in base 9?
-1781232
What is -10010110010110101100010 (base 2) in base 16?
-4b2d62
Convert -121211121220 (base 3) to base 7.
-2550150
What is 225526 (base 10) in base 6?
4500034
What is 34520024 (base 6) in base 14?
1db280
1350045 (base 6) to base 7
436004
What is -3177a (base 16) in base 10?
-202618
What is -1005053 (base 15) in base 2?
-101011100001000011011010
-2881678 (base 9) to base 6
-54020412
-e4d1f5 (base 16) to base 10
-14995957
What is 10032340 (base 5) in base 3?
11002012202
What is 42244430 (base 5) in base 14?
92987
Convert -12021001221 (base 3) to base 14.
-29a5c
Convert -23304 (base 12) to base 3.
-2101121011
What is -1e5cd0 (base 16) in base 15?
-2948b0
-1e25b8 (base 15) to base 4
-11220121031
110111111111110111010 (base 2) to base 8
6777672
Convert -110100001000100100111 (base 2) to base 6.
-100340531
Convert 29545 (base 10) to base 12.
15121
-101010111001100010011 (base 2) to base 8
-5271423
Convert -451b4 (base 16)